{"id":6790,"date":"2022-05-21T19:13:10","date_gmt":"2022-05-21T18:13:10","guid":{"rendered":"https:\/\/www.cykloromantika.cz\/?page_id=6790"},"modified":"2025-08-01T11:23:13","modified_gmt":"2025-08-01T10:23:13","slug":"hlasky","status":"publish","type":"page","link":"https:\/\/www.cykloromantika.cz\/index.php\/hlasky\/","title":{"rendered":"Hl\u00e1\u0161ky"},"content":{"rendered":"\n<h2 class=\"wp-block-heading has-text-align-center\">Filozofick\u00e9 chvilky<\/h2>\n\n\n\n<p class=\"has-text-align-center\">Pro\u010d, chlapi, neberete na Cykloromantiku \u017eeny? &#8230; Proto\u017ee \u017eensk\u00e1 psychika je o **** jinde.<\/p>\n\n\n\n<p class=\"has-text-align-center\">Na\u0161e pravidlo je, \u017ee \u017eena nemus\u00ed m\u00edt kolo.<\/p>\n\n\n\n<p class=\"has-text-align-center\">V\u00ed\u0161, pro\u010d se ten kluk zaj\u00edmal o tv\u00e9 auto? &#8230; Proto\u017ee byl autista.<\/p>\n\n\n\n<p class=\"has-text-align-center\">Zahr\u00e1dky ud\u011blali jen pro cyklisty, aby vid\u011bli na kola!<\/p>\n\n\n\n<p class=\"has-text-align-center\">J\u00e1 s\u00fa katol\u00edk jak p&#8230;!<\/p>\n\n\n\n<p class=\"has-text-align-center\">Pokud m\u016f\u017ee\u0161 chodit, m\u016f\u017ee\u0161 i \u0159\u00eddit! &#8230; Pokud udr\u017e\u00ed\u0161 \u0159\u00edd\u00edtka, m\u016f\u017ee\u0161 i \u0161lapat!<br><em>\u2013 vset\u00ednsk\u00e1 \u2013<\/em><\/p>\n\n\n\n<p class=\"has-text-align-center\">Jak\u00e9 je va\u0161e stanovisko? \u2013 Na\u0161e stanovisko je tady!<br><em>\u2013 v&nbsp;hospod\u011b \u2013<\/em><\/p>\n\n\n\n<p class=\"has-text-align-center\">Doma je to v&nbsp;po\u0159\u00e1dku, ale d\u016fle\u017eit\u00e9 jsou body z&nbsp;venku!<\/p>\n\n\n\n<p class=\"has-text-align-center\">Kdo na\u0161\u00ed hospodu mine, ten \u017e\u00edzn\u00ed zhyne!<\/p>\n\n\n\n<p class=\"has-text-align-center\">Jsem botanik asi jako \u0161tukat\u00e9r.<\/p>\n\n\n\n<p class=\"has-text-align-center\">Ve\u010der vy\u0161el perfektn\u011b a\u017e na ten Ban\u00edk!<\/p>\n\n\n\n<p class=\"has-text-align-center\"><em>\u2013 Legia 2:1 Ban\u00edk \u2013<\/em><\/p>\n\n\n\n<h2 class=\"wp-block-heading has-text-align-center\">Cykloromantick\u00e1<\/h2>\n\n\n\n<p class=\"has-text-align-center\">Mohli bychom p\u0159espat u m\u00e9 kamar\u00e1dky! &#8230; Je p\u011bkn\u00e1? &#8230; Je, ale m\u00e1 man\u017eela. A taky m\u00e1 klav\u00edr! &#8230; Jo, d\u016fle\u017eit\u00e9 je, \u017ee m\u00e1 klav\u00edr.<\/p>\n\n\n\n<p class=\"has-text-align-center\">Chod\u00ed tady \u017eensk\u00e1 s&nbsp;po\u0159\u00e1dn\u00fdm kombajnem, ale pro tv\u016fj kl\u00e1sek by to byla \u0161koda. (p\u0159\u00edvozsk\u00e1 Venu\u0161e)<\/p>\n\n\n\n<p class=\"has-text-align-center\">Co jsi \u010dekal, Tome? N\u00ed\u017einu? Tak to si je\u010f do Dunajsk\u00e9 Stredy!<br> \u2013<em> odpov\u011b\u010f Tomovi p\u0159i stoup\u00e1n\u00ed na Kamenit\u00fd \u2013<\/em><\/p>\n\n\n\n<p class=\"has-text-align-center\">A\u017e budu cht\u00edt na h\u0159iby, nevezmu si kolo!<br>\u2013 <em>z\u00e1kon alternativn\u00ed trasy<\/em> \u2013<\/p>\n\n\n\n<p class=\"has-text-align-center\">Kdy\u017e m\u00e1\u0161 n\u00e1\u0161 dres, nejsi anonymn\u00ed!<\/p>\n\n\n\n<p class=\"has-text-align-center\">Kdy\u017e se to stane na Vset\u00edn\u011b, t\u011b\u017eko se tomu vyhne\u0161!<br><em>\u2013 odpov\u011b\u010f na ot\u00e1zku po p\u00e1du: Pil jsi?<\/em> \u2013<\/p>\n\n\n\n<p class=\"has-text-align-center\">M\u00e1\u0161 super kolo! &#8230; Ale m\u00e1m na hovno nohy!<\/p>\n\n\n\n<p class=\"has-text-align-center\">Kdy\u017e se nab\u00edz\u00ed buchta, tak je to kanibalismus.<br>\u2013<em> Du\u0161an Buchta <\/em>\u2013<\/p>\n\n\n\n<p class=\"has-text-align-center\">Pojedeme, ale nebylo \u0159e\u010deno kdy! D\u00e1me jedno a vyjedeme.<br>\u2013 <em>1 pichva = jedna pivn\u00ed chvilka<\/em> \u2013<\/p>\n\n\n\n<p class=\"has-text-align-center\">Nepot\u0159ebuji br\u00fdle. Mouchy umrk\u00e1m!<\/p>\n\n\n\n<p class=\"has-text-align-center\">Zajdi mi pro bike! Bobo, my m\u00e1me bike! Ty m\u00e1\u0161 kolo!<\/p>\n\n\n\n<p class=\"has-text-align-center\">D\u00e1\u0161 si 13 doma a nen\u00ed ti nic. Jede\u0161 ven, d\u00e1\u0161 13 a jsi nafouknut\u00fd jak mongolfi\u00e9ra.<\/p>\n\n\n\n<p class=\"has-text-align-center\">Kli\u010dkujeme ve m\u011bst\u011b, jak bychom jeli VC Monaka!<\/p>\n\n\n\n<h2 class=\"wp-block-heading has-text-align-center\">Zima<\/h2>\n\n\n\n<p class=\"has-text-align-center\">Jak je? &#8230; St\u00e1le \u010dek\u00e1m, a\u017e mi sestoup\u00ed koule!<\/p>\n\n\n\n<h2 class=\"wp-block-heading has-text-align-center\">Voda je \u017eivel<\/h2>\n\n\n\n<p class=\"has-text-align-center\">M\u00e1te n\u011bkdo Vodafone? &#8230; No jedin\u011b, kdy\u017e ten telefon hod\u00ed\u0161 do vody!<\/p>\n\n\n\n<p class=\"has-text-align-center\">Jak otev\u0159e\u0161 stavidla, tak vodu nezastav\u00ed\u0161!<\/p>\n\n\n\n<h2 class=\"wp-block-heading has-text-align-center\">Oktagon<\/h2>\n\n\n\n<p class=\"has-text-align-center\">Sroluju t\u011b jak koberec v&nbsp;Orf\u011b.<\/p>\n","protected":false},"excerpt":{"rendered":"<p>Filozofick\u00e9 chvilky Pro\u010d, chlapi, neberete na Cykloromantiku \u017eeny? &#8230; Proto\u017ee \u017eensk\u00e1 psychika je o **** jinde. Na\u0161e pravidlo je, \u017ee \u017eena nemus\u00ed m\u00edt kolo. V\u00ed\u0161, pro\u010d se ten kluk zaj\u00edmal o tv\u00e9 auto? &#8230; Proto\u017ee byl autista. Zahr\u00e1dky ud\u011blali jen pro cyklisty, aby vid\u011bli na kola! J\u00e1 s\u00fa katol\u00edk jak p&#8230;! Pokud m\u016f\u017ee\u0161 chodit, m\u016f\u017ee\u0161 [&hellip;]<\/p>\n","protected":false},"author":3,"featured_media":0,"parent":0,"menu_order":0,"comment_status":"closed","ping_status":"closed","template":"","meta":{"_acf_changed":false,"pgc_sgb_lightbox_settings":"","footnotes":""},"class_list":["post-6790","page","type-page","status-publish","hentry"],"acf":[],"_links":{"self":[{"href":"https:\/\/www.cykloromantika.cz\/index.php\/wp-json\/wp\/v2\/pages\/6790","targetHints":{"allow":["GET"]}}],"collection":[{"href":"https:\/\/www.cykloromantika.cz\/index.php\/wp-json\/wp\/v2\/pages"}],"about":[{"href":"https:\/\/www.cykloromantika.cz\/index.php\/wp-json\/wp\/v2\/types\/page"}],"author":[{"embeddable":true,"href":"https:\/\/www.cykloromantika.cz\/index.php\/wp-json\/wp\/v2\/users\/3"}],"replies":[{"embeddable":true,"href":"https:\/\/www.cykloromantika.cz\/index.php\/wp-json\/wp\/v2\/comments?post=6790"}],"version-history":[{"count":78,"href":"https:\/\/www.cykloromantika.cz\/index.php\/wp-json\/wp\/v2\/pages\/6790\/revisions"}],"predecessor-version":[{"id":8974,"href":"https:\/\/www.cykloromantika.cz\/index.php\/wp-json\/wp\/v2\/pages\/6790\/revisions\/8974"}],"wp:attachment":[{"href":"https:\/\/www.cykloromantika.cz\/index.php\/wp-json\/wp\/v2\/media?parent=6790"}],"curies":[{"name":"wp","href":"https:\/\/api.w.org\/{rel}","templated":true}]}}

Hlášky

<h2 class="wp-block-heading has-text-align-center">Filozofické chvilky</h2>



<p class="has-text-align-center">Proč, chlapi, neberete na Cykloromantiku ženy? &#8230; Protože ženská psychika je o **** jinde.</p>



<p class="has-text-align-center">Naše pravidlo je, že žena nemusí mít kolo.</p>



<p class="has-text-align-center">Víš, proč se ten kluk zajímal o tvé auto? &#8230; Protože byl autista.</p>



<p class="has-text-align-center">Zahrádky udělali jen pro cyklisty, aby viděli na kola!</p>



<p class="has-text-align-center">Já sú katolík jak p&#8230;!</p>



<p class="has-text-align-center">Pokud můžeš chodit, můžeš i řídit! &#8230; Pokud udržíš řídítka, můžeš i šlapat!<br><em>– vsetínská –</em></p>



<p class="has-text-align-center">Jaké je vaše stanovisko? – Naše stanovisko je tady!<br><em>– v&nbsp;hospodě –</em></p>



<p class="has-text-align-center">Doma je to v&nbsp;pořádku, ale důležité jsou body z&nbsp;venku!</p>



<p class="has-text-align-center">Kdo naší hospodu mine, ten žízní zhyne!</p>



<p class="has-text-align-center">Jsem botanik asi jako štukatér.</p>



<p class="has-text-align-center">Večer vyšel perfektně až na ten Baník!</p>



<p class="has-text-align-center"><em>– Legia 2:1 Baník –</em></p>



<h2 class="wp-block-heading has-text-align-center">Cykloromantická</h2>



<p class="has-text-align-center">Mohli bychom přespat u mé kamarádky! &#8230; Je pěkná? &#8230; Je, ale má manžela. A taky má klavír! &#8230; Jo, důležité je, že má klavír.</p>



<p class="has-text-align-center">Chodí tady ženská s&nbsp;pořádným kombajnem, ale pro tvůj klásek by to byla škoda. (přívozská Venuše)</p>



<p class="has-text-align-center">Co jsi čekal, Tome? Nížinu? Tak to si jeď do Dunajské Stredy!<br> –<em> odpověď Tomovi při stoupání na Kamenitý –</em></p>



<p class="has-text-align-center">Až budu chtít na hřiby, nevezmu si kolo!<br>– <em>zákon alternativní trasy</em> –</p>



<p class="has-text-align-center">Když máš náš dres, nejsi anonymní!</p>



<p class="has-text-align-center">Když se to stane na Vsetíně, těžko se tomu vyhneš!<br><em>– odpověď na otázku po pádu: Pil jsi?</em> –</p>



<p class="has-text-align-center">Máš super kolo! &#8230; Ale mám na hovno nohy!</p>



<p class="has-text-align-center">Když se nabízí buchta, tak je to kanibalismus.<br>–<em> Dušan Buchta </em>–</p>



<p class="has-text-align-center">Pojedeme, ale nebylo řečeno kdy! Dáme jedno a vyjedeme.<br>– <em>1 pichva = jedna pivní chvilka</em> –</p>



<p class="has-text-align-center">Nepotřebuji brýle. Mouchy umrkám!</p>



<p class="has-text-align-center">Zajdi mi pro bike! Bobo, my máme bike! Ty máš kolo!</p>



<p class="has-text-align-center">Dáš si 13 doma a není ti nic. Jedeš ven, dáš 13 a jsi nafouknutý jak mongolfiéra.</p>



<p class="has-text-align-center">Kličkujeme ve městě, jak bychom jeli VC Monaka!</p>



<h2 class="wp-block-heading has-text-align-center">Zima</h2>



<p class="has-text-align-center">Jak je? &#8230; Stále čekám, až mi sestoupí koule!</p>



<h2 class="wp-block-heading has-text-align-center">Voda je živel</h2>



<p class="has-text-align-center">Máte někdo Vodafone? &#8230; No jedině, když ten telefon hodíš do vody!</p>



<p class="has-text-align-center">Jak otevřeš stavidla, tak vodu nezastavíš!</p>



<h2 class="wp-block-heading has-text-align-center">Oktagon</h2>



<p class="has-text-align-center">Sroluju tě jak koberec v&nbsp;Orfě.</p>

<p>Filozofické chvilky Proč, chlapi, neberete na Cykloromantiku ženy? &#8230; Protože ženská psychika je o **** jinde. Naše pravidlo je, že žena nemusí mít kolo. Víš, proč se ten kluk zajímal o tvé auto? &#8230; Protože byl autista. Zahrádky udělali jen pro cyklisty, aby viděli na kola! Já sú katolík jak p&#8230;! Pokud můžeš chodit, můžeš [&hellip;]</p>
