{"id":1389,"date":"2022-01-16T20:39:09","date_gmt":"2022-01-16T19:39:09","guid":{"rendered":"https:\/\/www.cykloromantika.cz\/?page_id=1389"},"modified":"2023-04-01T20:24:00","modified_gmt":"2023-04-01T19:24:00","slug":"cykloromantika","status":"publish","type":"page","link":"https:\/\/www.cykloromantika.cz\/index.php\/cykloromantika\/","title":{"rendered":"Cykloromantika &#8211; srdcem i du\u0161\u00ed, du\u0161\u00ed i t\u011blem&#8230;"},"content":{"rendered":"\n<h3 class=\"wp-block-heading\" id=\"ahoj-mili-pratele-a-kamaradi\">Ahoj, mil\u00ed p\u0159\u00e1tel\u00e9 a kamar\u00e1di!<\/h3>\n\n\n\n<p>Ani se nechce v\u011b\u0159it, \u017ee jsme uzav\u0159eli v&nbsp;roce 2021 ji\u017e 25.&nbsp;ro\u010dn\u00edk na\u0161eho cyklistick\u00e9ho putov\u00e1n\u00ed, zvan\u00e9ho prost\u011b Cykloromantika. Sice se nestalo, aby se n\u011bkdo z&nbsp;n\u00e1s z\u00fa\u010dastnil v\u0161ech ro\u010dn\u00edk\u016f. Ale na dlouh\u00e9 historii je vid\u011bt, \u017ee Cykloromantika je kolektivn\u00ed, d\u011bl\u00e1me ji s&nbsp;nad\u0161en\u00edm a nechceme tuto my\u0161lenku padnout. St\u00e1le mezi sebe p\u0159ij\u00edm\u00e1me dal\u0161\u00ed ochotn\u00e9 lidi \u2013 cyklisty a romantiky \u2013 spole\u010dn\u011b tr\u00e1vit \u010das na cest\u00e1ch po na\u0161\u00ed vlasti. <\/p>\n\n\n\n<p>Samoz\u0159ejm\u011b jsou mezi n\u00e1mi rekordmani, pokud jde o po\u010det \u00fa\u010dast\u00ed, i ti, kte\u0159\u00ed za\u017eili cykloromantick\u00e9 prvopo\u010d\u00e1tky. Co m\u00e1me ale spole\u010dn\u00e9, \u017ee se z&nbsp;n\u00e1s nestali pouz\u00ed polyka\u010di kilometr\u016f. Z\u00e1kladn\u00ed my\u0161lenkou t\u00e9to akce m\u011blo b\u00fdt a je pozn\u00e1v\u00e1n\u00ed kr\u00e1s na\u0161\u00ed vlasti, p\u0159\u00edrody, kultury a zvyk\u016f, lid\u00ed, v\u0161elijak\u00fdch pam\u00e1tek (hlavn\u011b hrad\u016f, z\u00e1mk\u016f, z\u0159\u00edcenin), ale i novodob\u00fdch st\u00e1nk\u016f. Mezi jednotliv\u00fdmi pozoruhodnostmi se pak p\u0159esouv\u00e1me kolmo a sp\u00edme pod \u0161ir\u00e1kem nebo ve stanech. V\u017edy\u0165 prvn\u00ed ro\u010dn\u00edky jsme absolvovali jako studenti, co maj\u00ed hluboko do kapsy. Mysl\u00edme, \u017ee jen m\u00e1lo v\u011bc\u00ed z&nbsp;\u00fast\u0159edn\u00edch bod\u016f, pro\u010d se zalo\u017eilo toto kamar\u00e1dstv\u00ed s&nbsp;p\u0159esahem i mimo cykloromantick\u00e9 vyj\u00ed\u017e\u010fky, se zm\u011bnilo. M\u011bnily se jen m\u00edsta na\u0161ich tras, po kter\u00fdch jsme uh\u00e1n\u011bli.<\/p>\n\n\n<div class=\"pgc-sgb-cb wp-block-pgcsimplygalleryblock-slider \" data-gallery-id=\"64961490\"style=&quot;min-height:600px&quot;><div class=\"sgb-preloader\" id=\"pr_64961490\">\n\t<div class=\"sgb-square\" style=\"background:#d4d4d4\"><\/div>\n\t<div class=\"sgb-square\" style=\"background:#d4d4d4\"><\/div>\n\t<div class=\"sgb-square\" style=\"background:#d4d4d4\"><\/div>\n\t<div class=\"sgb-square\" style=\"background:#d4d4d4\"><\/div><\/div><div class=\"simply-gallery-amp pgc_sgb_slider \"><noscript><div class=\"sgb-gallery\"><div class=\"sgb-item\"><a href=\"https:\/\/www.cykloromantika.cz\/uvod_01\/\" target=\"_blank\"><img decoding=\"async\" alt=\"\" width=\"300\" height=\"225\" loading=\"lazy\" src=\"https:\/\/www.cykloromantika.cz\/wp-content\/uploads\/2020\/01\/uvod_01-300x225.jpg\" srcset=\"https:\/\/www.cykloromantika.cz\/wp-content\/uploads\/2020\/01\/uvod_01-300x225.jpg 300w,https:\/\/www.cykloromantika.cz\/wp-content\/uploads\/2020\/01\/uvod_01.jpg 800w\" sizes=\"auto, 250px\"\/><\/a><\/div><div class=\"sgb-item\"><a href=\"https:\/\/www.cykloromantika.cz\/uvod_02\/\" target=\"_blank\"><img decoding=\"async\" alt=\"\" width=\"300\" height=\"225\" loading=\"lazy\" src=\"https:\/\/www.cykloromantika.cz\/wp-content\/uploads\/2020\/01\/uvod_02-300x225.jpg\" srcset=\"https:\/\/www.cykloromantika.cz\/wp-content\/uploads\/2020\/01\/uvod_02-300x225.jpg 300w,https:\/\/www.cykloromantika.cz\/wp-content\/uploads\/2020\/01\/uvod_02.jpg 800w\" sizes=\"auto, 250px\"\/><\/a><\/div><div class=\"sgb-item\"><a href=\"https:\/\/www.cykloromantika.cz\/uvod_03\/\" target=\"_blank\"><img decoding=\"async\" alt=\"\" width=\"300\" height=\"225\" loading=\"lazy\" src=\"https:\/\/www.cykloromantika.cz\/wp-content\/uploads\/2020\/01\/uvod_03-300x225.jpg\" srcset=\"https:\/\/www.cykloromantika.cz\/wp-content\/uploads\/2020\/01\/uvod_03-300x225.jpg 300w,https:\/\/www.cykloromantika.cz\/wp-content\/uploads\/2020\/01\/uvod_03.jpg 800w\" sizes=\"auto, 250px\"\/><\/a><\/div><\/div><\/noscript><\/div><script type=\"application\/json\" class=\"sgb-data\">{\"externalLinkDefName\":\"d\u00e1le\",\"captionHAlign\":\"bottom\",\"collectionthumbHoverTitleFontSize\":12,\"collectionthumbRoundedCorners\":8,\"collectionthumbHoverTitleTextBgColor\":\"rgba(0,0,0,0.44)\",\"collectionThumbSubMenuShare\":false,\"sliderMaxHeight\":600,\"sliderAdminWidth\":960,\"collectionColumns\":1,\"autoPlay\":true,\"autoPlayDelay\":5,\"galleryType\":\"pgc_sgb_slider\",\"galleryId\":\"64961490\",\"images\":[{\"id\":79,\"title\":\"uvod_01\",\"url\":\"https:\/\/www.cykloromantika.cz\/wp-content\/uploads\/2020\/01\/uvod_01.jpg\",\"link\":\"https:\/\/www.cykloromantika.cz\/uvod_01\/\",\"alt\":\"\",\"description\":\"\",\"caption\":\"\",\"mime\":\"image\/jpeg\",\"type\":\"image\",\"width\":800,\"height\":600,\"sizes\":{\"thumbnail\":{\"height\":113,\"width\":150,\"url\":\"https:\/\/www.cykloromantika.cz\/wp-content\/uploads\/2020\/01\/uvod_01-150x113.jpg\",\"orientation\":\"landscape\"},\"medium\":{\"height\":225,\"width\":300,\"url\":\"https:\/\/www.cykloromantika.cz\/wp-content\/uploads\/2020\/01\/uvod_01-300x225.jpg\",\"orientation\":\"landscape\"},\"full\":{\"url\":\"https:\/\/www.cykloromantika.cz\/wp-content\/uploads\/2020\/01\/uvod_01.jpg\",\"height\":600,\"width\":800,\"orientation\":\"landscape\"}},\"meta\":false,\"postlink\":\"https:\/\/www.cykloromantika.cz\/uvod_01\/\"},{\"id\":78,\"title\":\"uvod_02\",\"url\":\"https:\/\/www.cykloromantika.cz\/wp-content\/uploads\/2020\/01\/uvod_02.jpg\",\"link\":\"https:\/\/www.cykloromantika.cz\/uvod_02\/\",\"alt\":\"\",\"description\":\"\",\"caption\":\"\",\"mime\":\"image\/jpeg\",\"type\":\"image\",\"width\":800,\"height\":600,\"sizes\":{\"thumbnail\":{\"height\":113,\"width\":150,\"url\":\"https:\/\/www.cykloromantika.cz\/wp-content\/uploads\/2020\/01\/uvod_02-150x113.jpg\",\"orientation\":\"landscape\"},\"medium\":{\"height\":225,\"width\":300,\"url\":\"https:\/\/www.cykloromantika.cz\/wp-content\/uploads\/2020\/01\/uvod_02-300x225.jpg\",\"orientation\":\"landscape\"},\"full\":{\"url\":\"https:\/\/www.cykloromantika.cz\/wp-content\/uploads\/2020\/01\/uvod_02.jpg\",\"height\":600,\"width\":800,\"orientation\":\"landscape\"}},\"meta\":false,\"postlink\":\"https:\/\/www.cykloromantika.cz\/uvod_02\/\"},{\"id\":77,\"title\":\"uvod_03\",\"url\":\"https:\/\/www.cykloromantika.cz\/wp-content\/uploads\/2020\/01\/uvod_03.jpg\",\"link\":\"https:\/\/www.cykloromantika.cz\/uvod_03\/\",\"alt\":\"\",\"description\":\"\",\"caption\":\"\",\"mime\":\"image\/jpeg\",\"type\":\"image\",\"width\":800,\"height\":600,\"sizes\":{\"thumbnail\":{\"height\":113,\"width\":150,\"url\":\"https:\/\/www.cykloromantika.cz\/wp-content\/uploads\/2020\/01\/uvod_03-150x113.jpg\",\"orientation\":\"landscape\"},\"medium\":{\"height\":225,\"width\":300,\"url\":\"https:\/\/www.cykloromantika.cz\/wp-content\/uploads\/2020\/01\/uvod_03-300x225.jpg\",\"orientation\":\"landscape\"},\"full\":{\"url\":\"https:\/\/www.cykloromantika.cz\/wp-content\/uploads\/2020\/01\/uvod_03.jpg\",\"height\":600,\"width\":800,\"orientation\":\"landscape\"}},\"meta\":false,\"postlink\":\"https:\/\/www.cykloromantika.cz\/uvod_03\/\"}],\"itemsMetaDataCollection\":[],\"galleryData\":\"{\\u0022collectionThumbRecomendedWidth\\u0022:200,\\u0022thumbSpacing\\u0022:5,\\u0022externalLink\\u0022:true,\\u0022externalLinkDefName\\u0022:\\u0022d\u00e1le\\u0022,\\u0022externalLinkTextColor\\u0022:\\u0022rgba(0,0,0,1)\\u0022,\\u0022externalLinkBgColor\\u0022:\\u0022rgba(255,255,255,1)\\u0022,\\u0022externalLinkFontSize\\u0022:18,\\u0022captions\\u0022:true,\\u0022captionSrc\\u0022:\\u0022caption\\u0022,\\u0022captionHAlign\\u0022:\\u0022bottom\\u0022,\\u0022collectionthumbHoverTitleFontSize\\u0022:12,\\u0022collectionthumbRoundedCorners\\u0022:8,\\u0022collectionthumbHoverTitleTextColor\\u0022:\\u0022rgba(255,255,255,1)\\u0022,\\u0022collectionthumbHoverTitleTextBgColor\\u0022:\\u0022rgba(0,0,0,0.44)\\u0022,\\u0022collectionthumbHoverBgColor\\u0022:\\u0022rgba(0,0,0,0.4)\\u0022,\\u0022collectionThumbSubMenuDownload\\u0022:true,\\u0022collectionThumbSubMenuShare\\u0022:false,\\u0022collectionThumbSubMenuBgColor\\u0022:\\u0022rgba(0,0,0,0.4)\\u0022,\\u0022collectionThumbSubMenuBgColorHover\\u0022:\\u0022rgba(255,255,255,1)\\u0022,\\u0022collectionThumbSubMenuIconColor\\u0022:\\u0022rgba(255,255,255,1)\\u0022,\\u0022collectionThumbSubMenuIconColorHover\\u0022:\\u0022rgba(0,0,0,1)\\u0022,\\u0022collectionthumbColorsFilter\\u0022:\\u0022none\\u0022,\\u0022sliderItemBgColor\\u0022:\\u0022rgba(0,0,0,0)\\u0022,\\u0022sliderItemBorderColor\\u0022:\\u0022rgba(255,255,255,1)\\u0022,\\u0022sliderItemBorderWidth\\u0022:0,\\u0022sliderItemFill\\u0022:\\u0022true\\u0022,\\u0022sliderMaxHeight\\u0022:600,\\u0022sliderAdminWidth\\u0022:750,\\u0022responsiveHeight\\u0022:false,\\u0022collectionColumns\\u0022:1,\\u0022sliderAnimation\\u0022:\\u0022animation\\u0022,\\u0022sliderNextPrevNavigation\\u0022:true,\\u0022sliderNextPrevBgColor\\u0022:\\u0022rgba(255,255,255,1)\\u0022,\\u0022sliderNextPrevBgColorHover\\u0022:\\u0022rgba(0,0,0,1)\\u0022,\\u0022sliderNextPrevIconColor\\u0022:\\u0022rgba(0,0,0,1)\\u0022,\\u0022sliderNextPrevIconColorHover\\u0022:\\u0022rgba(255,255,255,1)\\u0022,\\u0022sliderThumbsNavi\\u0022:true,\\u0022sliderThumbsNaviColor\\u0022:\\u0022rgba(255,255,255,1)\\u0022,\\u0022sliderDotNavi\\u0022:false,\\u0022sliderDotNaviBgColor\\u0022:\\u0022rgba(0,0,0,.4)\\u0022,\\u0022sliderDotNaviBgColorHover\\u0022:\\u0022rgba(255,255,255,1)\\u0022,\\u0022autoPlay\\u0022:true,\\u0022autoPlayDelay\\u0022:5,\\u0022autoPlayMouseStoper\\u0022:true,\\u0022galleryType\\u0022:\\u0022pgc_sgb_slider\\u0022,\\u0022align\\u0022:\\u0022\\u0022,\\u0022galleryId\\u0022:\\u002264961490\\u0022,\\u0022tagsListCustomMode\\u0022:false,\\u0022initGalleryByFirstTag\\u0022:false,\\u0022deepLinkingForTag\\u0022:false,\\u0022galleryTagsList\\u0022:[],\\u0022useClobalSettings\\u0022:false,\\u0022orderBy\\u0022:\\u0022custom\\u0022,\\u0022deepLinking\\u0022:false,\\u0022useLightbox\\u0022:true,\\u0022thumbClickAction\\u0022:\\u0022useLightbox\\u0022,\\u0022numItemsDisplayed\\u0022:0,\\u0022lazyLoading\\u0022:true,\\u0022contentNoPadding\\u0022:false,\\u0022galleryPreloaderColor\\u0022:\\u0022rgba(230,230,230,1)\\u0022,\\u0022galleryBgColor\\u0022:\\u0022rgba(0,0,0,0)\\u0022,\\u0022galleryBorderRadius\\u0022:8,\\u0022customCSS\\u0022:\\u0022\\u0022,\\u0022tagsFilter\\u0022:false,\\u0022tagCloudAll\\u0022:\\u0022All\\u0022,\\u0022tagCloudBgColor\\u0022:\\u0022rgba(153,153,153,1)\\u0022,\\u0022tagCloudBgColorOver\\u0022:\\u0022rgba(253,253,253,1)\\u0022,\\u0022tagCloudTextColor\\u0022:\\u0022rgba(253,253,253,1)\\u0022,\\u0022tagCloudTextColorOver\\u0022:\\u0022rgba(153,153,153,1)\\u0022,\\u0022tagCloudFontSize\\u0022:16,\\u0022modaBgColor\\u0022:\\u0022rgba(0,0,0,0.8)\\u0022,\\u0022modalIconColor\\u0022:\\u0022rgba(255,255,255,1)\\u0022,\\u0022modalIconColorHover\\u0022:\\u0022rgba(255,255,255,0.8)\\u0022,\\u0022shareFacebook\\u0022:false,\\u0022shareTwitter\\u0022:false,\\u0022sharePinterest\\u0022:false,\\u0022sliderItemDownload\\u0022:true,\\u0022shareCopyLink\\u0022:true,\\u0022sharePost\\u0022:\\u0022postlink\\u0022,\\u0022copyRProtection\\u0022:false,\\u0022copyRAlert\\u0022:\\u0022Hello, this photo is mine!\\u0022,\\u0022sliderScrollNavi\\u0022:false,\\u0022sliderNextPrevAnimation\\u0022:\\u0022animation\\u0022,\\u0022galleryScrollPositionControll\\u0022:false,\\u0022sliderVideoAutoPlay\\u0022:false,\\u0022sliderVideoLoop\\u0022:false,\\u0022sliderItemCounterEnable\\u0022:true,\\u0022sliderCaptionSrc\\u0022:\\u0022caption\\u0022,\\u0022sliderItemTitleEnable\\u0022:true,\\u0022sliderItemTitleFontSize\\u0022:18,\\u0022sliderItemTitleTextColor\\u0022:\\u0022rgba(255,255,255,1)\\u0022,\\u0022itemCounterColor\\u0022:\\u0022rgba(255,255,255,1)\\u0022,\\u0022sliderThumbBarEnable\\u0022:true,\\u0022sliderThumbBarHoverColor\\u0022:\\u0022rgba(240,240,240,1)\\u0022,\\u0022sliderBgColor\\u0022:\\u0022rgba(0,0,0,0.8)\\u0022,\\u0022sliderPreloaderColor\\u0022:\\u0022rgba(240,240,240,1)\\u0022,\\u0022sliderHeaderFooterBgColor\\u0022:\\u0022rgba(0,0,0,0.4)\\u0022,\\u0022sliderNavigationColor\\u0022:\\u0022rgba(0,0,0,1)\\u0022,\\u0022sliderNavigationColorOver\\u0022:\\u0022rgba(255,255,255,1)\\u0022,\\u0022sliderNavigationIconColor\\u0022:\\u0022rgba(255,255,255,1)\\u0022,\\u0022sliderNavigationIconColorOver\\u0022:\\u0022rgba(0,0,0,1)\\u0022,\\u0022sliderSlideshow\\u0022:true,\\u0022sliderSlideshowDelay\\u0022:8,\\u0022slideshowIndicatorColor\\u0022:\\u0022rgba(255,255,255,1)\\u0022,\\u0022slideshowIndicatorColorBg\\u0022:\\u0022rgba(255,255,255,0.5)\\u0022,\\u0022sliderThumbSubMenuBackgroundColor\\u0022:\\u0022rgba(255,255,255,0)\\u0022,\\u0022sliderThumbSubMenuBackgroundColorOver\\u0022:\\u0022rgba(255,255,255,1)\\u0022,\\u0022sliderThumbSubMenuIconColor\\u0022:\\u0022rgba(255,255,255,1)\\u0022,\\u0022sliderThumbSubMenuIconHoverColor\\u0022:\\u0022rgba(0,0,0,1)\\u0022,\\u0022sliderSocialShareEnabled\\u0022:false,\\u0022sliderZoomEnable\\u0022:true,\\u0022sliderFullscreenEnabled\\u0022:true,\\u0022settingsModalIsOpen\\u0022:false,\\u0022skin\\u0022:\\u0022slider\\u0022}\",\"useClobalSettings\":true,\"galleryBorderRadius\":8,\"shareFacebook\":false,\"shareTwitter\":false,\"sharePinterest\":false,\"sharePost\":\"postlink\",\"sliderItemTitleEnable\":true,\"sliderSocialShareEnabled\":false}<\/script><script>(function(){if(window.PGC_SGB && window.PGC_SGB.searcher){window.PGC_SGB.searcher.initBlocks()}})()<\/script><\/div>\n\n\n<p>Na na\u0161e spole\u010dn\u00e9 vyj\u00ed\u017e\u010fky n\u00e1m zbydou vzpom\u00ednky, ulo\u017een\u00e9 v&nbsp;na\u0161ich srdc\u00edch a mysl\u00edch, ale i v&nbsp;obdob\u011b fotek, kter\u00e9 p\u0159id\u00e1v\u00e1me na na\u0161e webov\u00e9 str\u00e1nky. Na za\u010d\u00e1tku byl Vl\u010d\u00e1k, kter\u00fd byl v\u017edy ochoten zv\u011b\u010dnit pom\u00edjivost okam\u017eiku, ale i r\u016fzn\u00e9 rozmary jednotliv\u00fdch \u010dlen\u016f na\u0161\u00ed expedice, a pot\u00e9 je piln\u011b um\u00eds\u0165ovat na prvn\u00ed z&nbsp;na\u0161ich web\u016f. Bez toho bychom nem\u011bli mo\u017enost se po \u010dase o na\u0161e z\u00e1\u017eitky s&nbsp;k\u00fdm d\u011blit a na\u0161e vzpom\u00ednky by se jen st\u011b\u017e\u00ed draly na povrch. Ur\u010dit\u011b je nutn\u00e9 zm\u00ednit jednoho ze zakladatel\u016f my\u0161lenky, Pepina, kter\u00fd vyty\u010doval trasy, a hlavn\u011b si v\u0161e pamatoval. M\u00edsto tras\u00e9ra a kronik\u00e1\u0159e mezit\u00edm p\u0159eb\u00edr\u00e1 Ramon, kter\u00e9mu s&nbsp;obrazovou dokumentac\u00ed sekunduje Bob. D\u016fle\u017eitou sou\u010d\u00e1st\u00ed je technick\u00fd servis Du\u0161\u00edka, bez kter\u00e9ho bychom nikam nedojeli. Ale cykloromantiky jsou v\u0161ichni, kte\u0159\u00ed se z\u00fa\u010dastn\u00ed by\u0165 jedin\u00e9ho ro\u010dn\u00edku. Bez nich by ty o\u010dek\u00e1van\u00e9 i i ne\u010dekan\u00e9 z\u00e1\u017eitky a situace nenastaly a nebylo by tedy o \u010dem ps\u00e1t a co zaznamen\u00e1vat.<\/p>\n\n\n\n<p>Ka\u017ed\u00fd ro\u010dn\u00edk sebou p\u0159inesl bezesporu mnoho z\u00e1\u017eitk\u016f, ale i \u0159adu vylep\u0161en\u00ed. T\u00edm zcela nepopirateln\u00fdm bylo veden\u00ed den\u00ed\u010dku, jak\u00e9hosi itiner\u00e1\u0159e s&nbsp;pozn\u00e1mkami a zaj\u00edmavostmi pro\u017eit\u00fdmi dan\u00fd den. M\u011bli bychom na tomto m\u00edst\u011b pod\u011bkovat Du\u0161\u00edkovi, proto\u017ee pr\u00e1v\u011b jeho my\u0161lenka to byla, abychom si vedli z\u00e1pisky. Zdokonalujeme vybaven\u00ed i balen\u00ed v\u011bc\u00ed, v&nbsp;posledn\u00ed dob\u011b p\u0159ech\u00e1z\u00edme na tzv. minimalismus. Pokud porovn\u00e1te fotky i jen p\u00e1r rok\u016f nazp\u011bt, pak jist\u011b pochop\u00edte. <\/p>\n\n\n\n<p>Ale dost bylo \u0159e\u010d\u00ed, zveme V\u00e1s na spole\u010dnou, cykloromantickou, vyj\u00ed\u017e\u010fku&#8230;<\/p>\n\n\n\n<h3 class=\"wp-block-heading\" id=\"dekujeme-za-vse-a-vsem\">D\u011bkujeme za v\u0161e a v\u0161em.<\/h3>\n","protected":false},"excerpt":{"rendered":"<p>Ahoj, mil\u00ed p\u0159\u00e1tel\u00e9 a kamar\u00e1di! Ani se nechce v\u011b\u0159it, \u017ee jsme uzav\u0159eli v&nbsp;roce 2021 ji\u017e 25.&nbsp;ro\u010dn\u00edk na\u0161eho cyklistick\u00e9ho putov\u00e1n\u00ed, zvan\u00e9ho prost\u011b Cykloromantika. Sice se nestalo, aby se n\u011bkdo z&nbsp;n\u00e1s z\u00fa\u010dastnil v\u0161ech ro\u010dn\u00edk\u016f. Ale na dlouh\u00e9 historii je vid\u011bt, \u017ee Cykloromantika je kolektivn\u00ed, d\u011bl\u00e1me ji s&nbsp;nad\u0161en\u00edm a nechceme tuto my\u0161lenku padnout. St\u00e1le mezi sebe p\u0159ij\u00edm\u00e1me dal\u0161\u00ed [&hellip;]<\/p>\n","protected":false},"author":3,"featured_media":7798,"parent":0,"menu_order":2,"comment_status":"closed","ping_status":"closed","template":"","meta":{"_acf_changed":false,"pgc_sgb_lightbox_settings":"","footnotes":""},"class_list":["post-1389","page","type-page","status-publish","has-post-thumbnail","hentry"],"acf":[],"_links":{"self":[{"href":"https:\/\/www.cykloromantika.cz\/index.php\/wp-json\/wp\/v2\/pages\/1389","targetHints":{"allow":["GET"]}}],"collection":[{"href":"https:\/\/www.cykloromantika.cz\/index.php\/wp-json\/wp\/v2\/pages"}],"about":[{"href":"https:\/\/www.cykloromantika.cz\/index.php\/wp-json\/wp\/v2\/types\/page"}],"author":[{"embeddable":true,"href":"https:\/\/www.cykloromantika.cz\/index.php\/wp-json\/wp\/v2\/users\/3"}],"replies":[{"embeddable":true,"href":"https:\/\/www.cykloromantika.cz\/index.php\/wp-json\/wp\/v2\/comments?post=1389"}],"version-history":[{"count":39,"href":"https:\/\/www.cykloromantika.cz\/index.php\/wp-json\/wp\/v2\/pages\/1389\/revisions"}],"predecessor-version":[{"id":7793,"href":"https:\/\/www.cykloromantika.cz\/index.php\/wp-json\/wp\/v2\/pages\/1389\/revisions\/7793"}],"wp:featuredmedia":[{"embeddable":true,"href":"https:\/\/www.cykloromantika.cz\/index.php\/wp-json\/wp\/v2\/media\/7798"}],"wp:attachment":[{"href":"https:\/\/www.cykloromantika.cz\/index.php\/wp-json\/wp\/v2\/media?parent=1389"}],"curies":[{"name":"wp","href":"https:\/\/api.w.org\/{rel}","templated":true}]}}